{"id":32,"date":"2016-12-12T10:35:20","date_gmt":"2016-12-12T10:35:20","guid":{"rendered":"https:\/\/www.clovisgestionprivee.fr\/?page_id=32"},"modified":"2020-10-09T11:13:18","modified_gmt":"2020-10-09T11:13:18","slug":"about","status":"publish","type":"page","link":"https:\/\/www.clovisgestionprivee.fr\/index.php\/about\/","title":{"rendered":"About 2"},"content":{"rendered":"<p>[vc_row][vc_column][vc_empty_space alter_height=&#8221;huge&#8221; hide_on_mobile=&#8221;&#8221; css=&#8221;.vc_custom_1485257484762{margin-bottom: 1.1rem !important;}&#8221;][\/vc_column][vc_column width=&#8221;5\/12&#8243;]<div id=\"sc_title_852323006\"\n\t\tclass=\"sc_title sc_title_default  vc_custom_1485257731019\"><h6 class=\"sc_item_subtitle sc_title_subtitle sc_align_default sc_item_title_style_default\">Who We Are<\/h6><h3 class=\"sc_item_title sc_title_title sc_align_default sc_item_title_style_default\">We are Leaders on the Market<\/h3><div class=\"sc_item_descr sc_title_descr sc_align_default\">We are the industry leader in establishing an innovation-friendly organization, developing new business models and new products.<br \/>\nThe company is on the cutting edge of new technologies.<\/div><\/div><!-- \/.sc_title -->[vc_empty_space alter_height=&#8221;medium&#8221; hide_on_mobile=&#8221;&#8221;]<div class=\"sc_item_button sc_button_wrap\"><a href=\"\/our-services\/\" id=\"sc_button_612685510\" class=\"sc_button sc_button_dark_button  vc_custom_1547811961513 sc_button_size_normal sc_button_icon_left\"><span class=\"sc_button_text\"><span class=\"sc_button_title\">More Info<\/span><\/span><!-- \/.sc_button_text --><\/a><!-- \/.sc_button --><\/div><!-- \/.sc_item_button -->[vc_empty_space alter_height=&#8221;huge&#8221; hide_on_mobile=&#8221;&#8221; css=&#8221;.vc_custom_1485258375185{margin-bottom: 1rem !important;}&#8221;][\/vc_column][vc_column width=&#8221;1\/2&#8243; offset=&#8221;vc_col-sm-offset-1&#8243;]<div id=\"sc_title_388920635\"\n\t\tclass=\"sc_title sc_title_default\"><h6 class=\"sc_item_subtitle sc_title_subtitle sc_align_default sc_item_title_style_default\">Quick Facts<\/h6><\/div><!-- \/.sc_title -->[vc_empty_space alter_height=&#8221;medium&#8221; hide_on_mobile=&#8221;&#8221; css=&#8221;.vc_custom_1485257822959{margin-top: -0.6rem !important;}&#8221;]<div id=\"sc_skills_123199565\"\n\t\tclass=\"sc_skills sc_skills_counter\"\n\t\t\t\tdata-type=\"counter\"\n\t\t><div class=\"sc_skills_column trx_addons_column-1_1\"><div class=\"sc_skills_item_wrap\"><div class=\"sc_skills_item\"><div class=\"sc_skills_icon icon-icon1\"><\/div><div class=\"sc_skills_total\" data-start=\"0\" data-stop=\"3400\" data-step=\"34\" data-max=\"3400\" data-speed=\"37\" data-duration=\"3700\" data-ed=\"\">0<\/div><\/div><div class=\"sc_skills_item_title\">Satisfied Clients<\/div><div class=\"sc_skills_item_text\">Market-leading experience<\/div><\/div><\/div><div class=\"sc_skills_column trx_addons_column-1_1\"><div class=\"sc_skills_item_wrap\"><div class=\"sc_skills_item\"><div class=\"sc_skills_icon icon-icon3\"><\/div><div class=\"sc_skills_total\" data-start=\"0\" data-stop=\"235\" data-step=\"34\" data-max=\"3400\" data-speed=\"23\" data-duration=\"159\" data-ed=\"\">0<\/div><\/div><div class=\"sc_skills_item_title\">Successful Investments<\/div><div class=\"sc_skills_item_text\">Market-leading experience<\/div><\/div><\/div><div class=\"sc_skills_column trx_addons_column-1_1\"><div class=\"sc_skills_item_wrap\"><div class=\"sc_skills_item\"><div class=\"sc_skills_icon icon-icon4\"><\/div><div class=\"sc_skills_total\" data-start=\"0\" data-stop=\"17\" data-step=\"34\" data-max=\"3400\" data-speed=\"22\" data-duration=\"11\" data-ed=\"\">0<\/div><\/div><div class=\"sc_skills_item_title\">Awards Won<\/div><div class=\"sc_skills_item_text\">Market-leading experience<\/div><\/div><\/div><\/div>[vc_empty_space alter_height=&#8221;huge&#8221; hide_on_mobile=&#8221;&#8221;][\/vc_column][\/vc_row][vc_row full_width=&#8221;stretch_row&#8221; css=&#8221;.vc_custom_1482142466820{background-color: #faf9f5 !important;}&#8221;][vc_column][vc_empty_space alter_height=&#8221;huge&#8221; hide_on_mobile=&#8221;&#8221; css=&#8221;.vc_custom_1485264526210{margin-bottom: 1rem !important;}&#8221;]<div id=\"sc_title_1528722372\"\n\t\tclass=\"sc_title sc_title_default\"><h6 class=\"sc_item_subtitle sc_title_subtitle sc_align_center sc_item_title_style_default\">our staff<\/h6><h3 class=\"sc_item_title sc_title_title sc_align_center sc_item_title_style_default\">Team of Professionals<\/h3><\/div><!-- \/.sc_title -->[vc_empty_space alter_height=&#8221;medium&#8221; hide_on_mobile=&#8221;&#8221; css=&#8221;.vc_custom_1485264703383{margin-bottom: 2.4rem !important;}&#8221;]<div class=\"sc_team sc_team_full\" data-slides-per-view=\"2\" data-slides-min-width=\"150\"\t\t>\n\t\t<div class=\"sc_team_columns sc_item_columns trx_addons_columns_wrap columns_padding_bottom\"><div class=\"trx_addons_column-1_2\"><div class=\"sc_team_item\">\n\t<div class=\"post_featured with_thumb hover_dots sc_team_item_thumb\"><img width=\"270\" height=\"447\" src=\"https:\/\/www.clovisgestionprivee.fr\/wp-content\/uploads\/2016\/12\/IMG_6743-270x447.webp\" class=\"attachment-wizors_investments-thumb-team size-wizors_investments-thumb-team wp-post-image\" alt=\"Fabrice Sobra\" loading=\"lazy\" \/><div class=\"mask\"><\/div><a href=\"https:\/\/www.clovisgestionprivee.fr\/index.php\/team\/fabrice-sobra\/\" aria-hidden=\"true\" class=\"icons\"><span><\/span><span><\/span><span><\/span><\/a><\/div><div class=\"sc_team_item_info\">\n\t\t<div class=\"sc_team_item_header\">\n\t\t\t<h4 class=\"sc_team_item_title\"><a href=\"https:\/\/www.clovisgestionprivee.fr\/index.php\/team\/fabrice-sobra\/\">Fabrice Sobra<\/a><\/h4>\n\t\t\t<div class=\"sc_team_item_subtitle\">Pr\u00e9sident, Fondateur<\/div>\n\t\t<\/div>\n\t\t<div class=\"sc_team_item_content\"><p>Nous travaillons pour que votre patrimoine commence \u00e0 travailler efficacement pour vous.<\/p>\n<\/div>\n\t\t<div class=\"sc_team_item_socials\"><span class=\"social_item\"><a href=\"https:\/\/www.facebook.com\/Clovis-Gestion-Priv%C3%A9e-114164843364881\/\" target=\"_blank\" class=\"social_icons social_facebook\"><span class=\"trx_addons_icon-facebook\"><\/span><\/a><\/span><span class=\"social_item\"><a href=\"https:\/\/www.linkedin.com\/company\/clovis-gestion-privee\/about\/\" target=\"_blank\" class=\"social_icons social_linkedin\"><span class=\"trx_addons_icon-linkedin\"><\/span><\/a><\/span><\/div>\t<\/div>\n<\/div>\n<\/div><div class=\"trx_addons_column-1_2\"><div class=\"sc_team_item\">\n\t<div class=\"post_featured with_thumb hover_dots sc_team_item_thumb\"><img width=\"270\" height=\"447\" src=\"https:\/\/www.clovisgestionprivee.fr\/wp-content\/uploads\/2016\/12\/IMG_6910-270x447.webp\" class=\"attachment-wizors_investments-thumb-team size-wizors_investments-thumb-team wp-post-image\" alt=\"Yoko Sobra\" loading=\"lazy\" \/><div class=\"mask\"><\/div><a href=\"https:\/\/www.clovisgestionprivee.fr\/index.php\/team\/yoko-sobra\/\" aria-hidden=\"true\" class=\"icons\"><span><\/span><span><\/span><span><\/span><\/a><\/div><div class=\"sc_team_item_info\">\n\t\t<div class=\"sc_team_item_header\">\n\t\t\t<h4 class=\"sc_team_item_title\"><a href=\"https:\/\/www.clovisgestionprivee.fr\/index.php\/team\/yoko-sobra\/\">Yoko Sobra<\/a><\/h4>\n\t\t\t<div class=\"sc_team_item_subtitle\">Back & Front-Office Manager<\/div>\n\t\t<\/div>\n\t\t<div class=\"sc_team_item_content\"><p>Nous recherchons des moyens nouveaux et cr\u00e9atifs de prot\u00e9ger votre patrimoine selon votre situation.<\/p>\n<\/div>\n\t\t<div class=\"sc_team_item_socials\"><span class=\"social_item\"><a href=\"https:\/\/www.facebook.com\/Clovis-Gestion-Priv%C3%A9e-114164843364881\/\" target=\"_blank\" class=\"social_icons social_facebook\"><span class=\"trx_addons_icon-facebook\"><\/span><\/a><\/span><span class=\"social_item\"><a href=\"https:\/\/www.linkedin.com\/company\/clovis-gestion-privee\/about\/\" target=\"_blank\" class=\"social_icons social_linkedin\"><span class=\"trx_addons_icon-linkedin\"><\/span><\/a><\/span><\/div>\t<\/div>\n<\/div>\n<\/div><\/div><\/div><!-- \/.sc_team -->[vc_empty_space alter_height=&#8221;medium&#8221; hide_on_mobile=&#8221;&#8221; css=&#8221;.vc_custom_1485267176031{margin-top: -0.6rem !important;}&#8221;]<div class=\"sc_item_button sc_button_wrap sc_align_center\"><a href=\"\/contacts\/\" id=\"sc_button_1451176865\" class=\"sc_button sc_button_dark_button sc_button_size_normal sc_button_icon_left\"><span class=\"sc_button_text\"><span class=\"sc_button_title\">More Members<\/span><\/span><!-- \/.sc_button_text --><\/a><!-- \/.sc_button --><\/div><!-- \/.sc_item_button -->[vc_empty_space alter_height=&#8221;huge&#8221; hide_on_mobile=&#8221;&#8221; css=&#8221;.vc_custom_1485267318669{margin-bottom: 1rem !important;}&#8221;][\/vc_column][\/vc_row][vc_row full_width=&#8221;stretch_row&#8221; scheme=&#8221;dark&#8221; css=&#8221;.vc_custom_1485267424598{background-image: url(https:\/\/www.clovisgestionprivee.fr\/wp-content\/uploads\/2016\/12\/bg-2.jpg?id=292) !important;background-position: center !important;background-repeat: no-repeat !important;background-size: cover !important;}&#8221;][vc_column][vc_empty_space alter_height=&#8221;huge&#8221; hide_on_mobile=&#8221;&#8221; css=&#8221;.vc_custom_1485267948943{margin-top: 0.4rem !important;}&#8221;]<div id=\"sc_skills_1154902084\"\n\t\tclass=\"sc_skills sc_skills_counter\"\n\t\t\t\tdata-type=\"counter\"\n\t\t><h6 class=\"sc_item_subtitle sc_skills_subtitle sc_align_center sc_item_title_style_default\">Who We Are<\/h6><h3 class=\"sc_item_title sc_skills_title sc_align_center sc_item_title_style_default\">We are Leaders on the Market<\/h3><div class=\"sc_skills_columns sc_item_columns trx_addons_columns_wrap columns_padding_bottom\"><div class=\"sc_skills_column trx_addons_column-1_4\"><div class=\"sc_skills_item_wrap\"><div class=\"sc_skills_item\"><div class=\"sc_skills_icon icon-icon1\"><\/div><div class=\"sc_skills_total\" data-start=\"0\" data-stop=\"3400\" data-step=\"34\" data-max=\"3400\" data-speed=\"35\" data-duration=\"3500\" data-ed=\"\">0<\/div><\/div><div class=\"sc_skills_item_title\">Satisfied  Clients<\/div><\/div><\/div><div class=\"sc_skills_column trx_addons_column-1_4\"><div class=\"sc_skills_item_wrap\"><div class=\"sc_skills_item\"><div class=\"sc_skills_icon icon-icon3\"><\/div><div class=\"sc_skills_total\" data-start=\"0\" data-stop=\"235\" data-step=\"34\" data-max=\"3400\" data-speed=\"27\" data-duration=\"187\" data-ed=\"\">0<\/div><\/div><div class=\"sc_skills_item_title\">Successful  Investments<\/div><\/div><\/div><div class=\"sc_skills_column trx_addons_column-1_4\"><div class=\"sc_skills_item_wrap\"><div class=\"sc_skills_item\"><div class=\"sc_skills_icon icon-icon4\"><\/div><div class=\"sc_skills_total\" data-start=\"0\" data-stop=\"17\" data-step=\"34\" data-max=\"3400\" data-speed=\"22\" data-duration=\"11\" data-ed=\"\">0<\/div><\/div><div class=\"sc_skills_item_title\">Awards Won<\/div><\/div><\/div><div class=\"sc_skills_column trx_addons_column-1_4\"><div class=\"sc_skills_item_wrap\"><div class=\"sc_skills_item\"><div class=\"sc_skills_icon icon-icon2\"><\/div><div class=\"sc_skills_total\" data-start=\"0\" data-stop=\"142\" data-step=\"34\" data-max=\"3400\" data-speed=\"31\" data-duration=\"129\" data-ed=\"\">0<\/div><\/div><div class=\"sc_skills_item_title\">People in  Team<\/div><\/div><\/div><\/div><\/div>[vc_empty_space alter_height=&#8221;huge&#8221; hide_on_mobile=&#8221;&#8221; css=&#8221;.vc_custom_1485269329111{margin-bottom: -1.5rem !important;}&#8221;][\/vc_column][\/vc_row][vc_row][vc_column]<div class=\"sc_testimonials sc_testimonials_simple swiper-slider-container slider_swiper slider_noresize slider_nocontrols slider_nopagination\" data-slides-min-width=\"150\"\t\t>\n\t\t<h6 class=\"sc_item_subtitle sc_testimonials_subtitle sc_align_center sc_item_title_style_default\">Testimonials<\/h6><h3 class=\"sc_item_title sc_testimonials_title sc_align_center sc_item_title_style_default\">Clients About Us<\/h3><div class=\"sc_testimonials_slider sc_item_slider slides swiper-wrapper\"><div class=\"swiper-slide\"><div class=\"sc_testimonials_item\">\n\t<div class=\"sc_testimonials_item_content\"><p>Excellent accompagnement de Fabrice qui prend le temps d&#8217;\u00e9couter, de renseigner et assure un vrai suivi en toute transparence du d\u00e9but \u00e0 la fin! Un grand merci \u00e0 lui et \u00e0 son \u00e9quipe.<\/p>\n<\/div>\n\t<div class=\"sc_testimonials_item_author\">\n\t\t<div class=\"sc_testimonials_item_author_data\">\n\t\t\t<h4 class=\"sc_testimonials_item_author_title\">Patrick Martin<\/h4>\n\t\t\t<div class=\"sc_testimonials_item_author_subtitle\">Nice.France<\/div>\n\t\t<\/div>\n\t<\/div>\n<\/div>\n<\/div><div class=\"swiper-slide\"><div class=\"sc_testimonials_item\">\n\t<div class=\"sc_testimonials_item_content\"><p>Fabrice m&#8217;a tr\u00e8s bien conseill\u00e9 et accompagn\u00e9 dans mes d\u00e9clarations et dans la r\u00e9organisation de mon patrimoine en tenant compte des particularit\u00e9s de ma situation.<\/p>\n<\/div>\n\t<div class=\"sc_testimonials_item_author\">\n\t\t<div class=\"sc_testimonials_item_author_data\">\n\t\t\t<h4 class=\"sc_testimonials_item_author_title\">Daria Gofman<\/h4>\n\t\t\t<div class=\"sc_testimonials_item_author_subtitle\">Saint Laurent du Var.France<\/div>\n\t\t<\/div>\n\t<\/div>\n<\/div>\n<\/div><div class=\"swiper-slide\"><div class=\"sc_testimonials_item\">\n\t<div class=\"sc_testimonials_item_content\"><p>Nous avons trouv\u00e9 chez Clovis Gestion Priv\u00e9e, des conseils professionnels et pertinents. Fabrice est disponible et \u00e0 l&#8217;\u00e9coute. Du sur mesure c&#8217;est ce que nous recherchions.<\/p>\n<\/div>\n\t<div class=\"sc_testimonials_item_author\">\n\t\t<div class=\"sc_testimonials_item_author_data\">\n\t\t\t<h4 class=\"sc_testimonials_item_author_title\">Stephano Willkaz<\/h4>\n\t\t\t<div class=\"sc_testimonials_item_author_subtitle\">Monaco.France<\/div>\n\t\t<\/div>\n\t<\/div>\n<\/div>\n<\/div><\/div><\/div><!-- \/.sc_testimonials -->[vc_empty_space height=&#8221;1.8rem&#8221; alter_height=&#8221;none&#8221; hide_on_mobile=&#8221;&#8221;]<div class=\"sc_item_button sc_button_wrap sc_align_center\"><a href=\"\/blog\/\" id=\"sc_button_962377439\" class=\"sc_button sc_button_dark_button sc_button_size_normal sc_button_icon_left\"><span class=\"sc_button_text\"><span class=\"sc_button_title\">Read More Reviews<\/span><\/span><!-- \/.sc_button_text --><\/a><!-- \/.sc_button --><\/div><!-- \/.sc_item_button -->[vc_empty_space alter_height=&#8221;huge&#8221; hide_on_mobile=&#8221;&#8221; css=&#8221;.vc_custom_1485272424032{margin-top: 1rem !important;}&#8221;][\/vc_column][\/vc_row][vc_row full_width=&#8221;stretch_row_content_no_spaces&#8221; equal_height=&#8221;yes&#8221; css=&#8221;.vc_custom_1485272626841{background-color: #f2f0e8 !important;}&#8221;][vc_column width=&#8221;1\/2&#8243;][vc_row_inner][vc_column_inner width=&#8221;1\/3&#8243; offset=&#8221;vc_hidden-md vc_hidden-sm vc_hidden-xs&#8221;][\/vc_column_inner][vc_column_inner css=&#8221;.vc_custom_1485273014651{padding-left: 3.3rem !important;}&#8221; offset=&#8221;vc_col-lg-7&#8243;][vc_empty_space alter_height=&#8221;huge&#8221; hide_on_mobile=&#8221;&#8221; css=&#8221;.vc_custom_1485272762717{margin-top: 5rem !important;}&#8221;]<div id=\"sc_title_640309518\"\n\t\tclass=\"sc_title sc_title_default\"><h6 class=\"sc_item_subtitle sc_title_subtitle sc_align_default sc_item_title_style_default\">our main goal \u2013<\/h6><h1 class=\"sc_item_title sc_title_title sc_align_default sc_item_title_style_default sc_item_title_tag\">We are Always Ahead<\/h1><\/div><!-- \/.sc_title -->[vc_empty_space height=&#8221;2.5rem&#8221; alter_height=&#8221;none&#8221; hide_on_mobile=&#8221;&#8221;][vc_column_text]We work to make your business start effectively working for you. Meet the financial and marketing specialists. We work to make your business start effectively working for you. Meet the financial and marketing specialists.[\/vc_column_text][vc_empty_space alter_height=&#8221;huge&#8221; hide_on_mobile=&#8221;&#8221; css=&#8221;.vc_custom_1485273607165{margin-bottom: 4rem !important;}&#8221;][\/vc_column_inner][\/vc_row_inner][\/vc_column][vc_column width=&#8221;1\/2&#8243; css=&#8221;.vc_custom_1558528518819{padding-left: 12em !important;background-image: url(https:\/\/www.clovisgestionprivee.fr\/wp-content\/uploads\/2016\/12\/bg-3.jpg?id=299) !important;background-position: center !important;background-repeat: no-repeat !important;background-size: cover !important;}&#8221; el_class=&#8221;block_video&#8221;][vc_empty_space height=&#8221;60px&#8221; alter_height=&#8221;huge&#8221; hide_on_mobile=&#8221;&#8221;][vc_empty_space height=&#8221;60px&#8221; alter_height=&#8221;huge&#8221; hide_on_mobile=&#8221;&#8221; css=&#8221;.vc_custom_1485346029518{margin-bottom: 1.7rem !important;}&#8221;]<div class=\"sc_item_button sc_button_wrap\"><a href=\"#video_test\" id=\"sc_button_1752023221\" class=\"sc_button sc_button_simple bt_play sc_button_size_large sc_button_icon_left\"><span class=\"sc_button_icon\"><img src=\"https:\/\/www.clovisgestionprivee.fr\/wp-content\/uploads\/2017\/01\/play.png\" alt=\"\" width=\"84\" height=\"84\"><\/span><\/a><!-- \/.sc_button --><\/div><!-- \/.sc_item_button -->[vc_column_text]Watch Intro Video About Us[\/vc_column_text][\/vc_column][\/vc_row][vc_row][vc_column][vc_empty_space alter_height=&#8221;huge&#8221; hide_on_mobile=&#8221;&#8221; css=&#8221;.vc_custom_1485336877088{margin-bottom: 1rem !important;}&#8221;][vc_row_inner][vc_column_inner width=&#8221;1\/2&#8243;]<div id=\"sc_skills_194463422\"\n\t\tclass=\"sc_skills sc_skills_pie sc_skills_compact_off\"\n\t\t\t\tdata-type=\"pie\"\n\t\t><div class=\"sc_skills_columns sc_item_columns trx_addons_columns_wrap columns_padding_bottom\"><div class=\"sc_skills_column trx_addons_column-1_2\"><div class=\"sc_skills_item_wrap\"><div class=\"sc_skills_item\"><canvas id=\"sc_skills_canvas_1025623479\"><\/canvas><div class=\"sc_skills_total\" data-start=\"0\" data-stop=\"78\" data-step=\"1\" data-steps=\"100\" data-max=\"100\" data-speed=\"22\" data-duration=\"1716\" data-color=\"#c6b477\" data-bg_color=\"#ffffff\" data-border_color=\"#ffffff\" data-cutout=\"90\" data-easing=\"easeOutCirc\" data-ed=\"%\">0%<\/div><\/div><div class=\"sc_skills_item_title\">Investing  Strategies<\/div><div class=\"sc_skills_item_year\">2014<\/div><\/div><\/div><div class=\"sc_skills_column trx_addons_column-1_2\"><div class=\"sc_skills_item_wrap\"><div class=\"sc_skills_item\"><canvas id=\"sc_skills_canvas_1775108356\"><\/canvas><div class=\"sc_skills_total\" data-start=\"0\" data-stop=\"92\" data-step=\"1\" data-steps=\"100\" data-max=\"100\" data-speed=\"14\" data-duration=\"1288\" data-color=\"#c6b477\" data-bg_color=\"#ffffff\" data-border_color=\"#ffffff\" data-cutout=\"90\" data-easing=\"easeOutCirc\" data-ed=\"%\">0%<\/div><\/div><div class=\"sc_skills_item_title\">Investing  Strategies<\/div><div class=\"sc_skills_item_year\">2016<\/div><\/div><\/div><\/div><\/div>[vc_empty_space alter_height=&#8221;huge&#8221; hide_on_mobile=&#8221;&#8221; css=&#8221;.vc_custom_1485337375726{margin-bottom: -1.3rem !important;}&#8221;][\/vc_column_inner][vc_column_inner width=&#8221;5\/12&#8243; offset=&#8221;vc_col-sm-offset-1&#8243;]<div id=\"sc_title_1824179526\"\n\t\tclass=\"sc_title sc_title_default\"><h6 class=\"sc_item_subtitle sc_title_subtitle sc_align_default sc_item_title_style_default\">Results in Numbers<\/h6><h3 class=\"sc_item_title sc_title_title sc_align_default sc_item_title_style_default\">The Industry Leaders<\/h3><\/div><!-- \/.sc_title -->[vc_empty_space alter_height=&#8221;medium&#8221; hide_on_mobile=&#8221;&#8221; css=&#8221;.vc_custom_1485337330623{margin-bottom: -0.1rem !important;}&#8221;][vc_column_text]Customers hold the power in today\u2019s social media and technology-driven world. That is why what they say can make or break companies. Our services are high quality to satisfy customers, turning them into brand ambassadors for the company.[\/vc_column_text][vc_empty_space alter_height=&#8221;medium&#8221; hide_on_mobile=&#8221;&#8221; css=&#8221;.vc_custom_1485337351158{margin-bottom: 0.6rem !important;}&#8221;]<div class=\"sc_item_button sc_button_wrap\"><a href=\"\/our-services\/\" id=\"sc_button_761563502\" class=\"sc_button sc_button_default sc_button_size_large sc_button_icon_left\"><span class=\"sc_button_text\"><span class=\"sc_button_title\">More Info<\/span><\/span><!-- \/.sc_button_text --><\/a><!-- \/.sc_button --><\/div><!-- \/.sc_item_button -->[vc_empty_space alter_height=&#8221;huge&#8221; hide_on_mobile=&#8221;&#8221; css=&#8221;.vc_custom_1485337375726{margin-bottom: -1.3rem !important;}&#8221;][\/vc_column_inner][\/vc_row_inner][\/vc_column][\/vc_row][vc_row full_width=&#8221;stretch_row_content_no_spaces&#8221; css=&#8221;.vc_custom_1482160228532{background-color: #f2f0e8 !important;}&#8221;][vc_column width=&#8221;1\/2&#8243;]<div id=\"sc_googlemap_659017579_wrap\" class=\"sc_googlemap_wrap\"><div id=\"sc_googlemap_659017579\"\n\t\t\tclass=\"sc_googlemap sc_googlemap_default\"\n\t\t\t style=\"width:100%;height:610px;\"\t\t\tdata-zoom=\"16\"\n\t\t\tdata-style=\"greyscale\"\n\t\t\t><iframe\n                    src=\"https:\/\/maps.google.com\/maps?t=m&output=embed&iwloc=near&z=16&q=228+Park+Ave+S++New+York%2C+NY+10003\"\n                    scrolling=\"no\"\n                    marginheight=\"0\"\n                    marginwidth=\"0\"\n                    frameborder=\"0\"\n                    aria-label=\"One\"><\/iframe><\/div><\/div><!-- \/.sc_googlemap_wrap -->[\/vc_column][vc_column width=&#8221;1\/2&#8243;][vc_row_inner][vc_column_inner width=&#8221;5\/12&#8243; css=&#8221;.vc_custom_1485337936636{padding-left: 0.9em !important;}&#8221; offset=&#8221;vc_col-sm-offset-2&#8243;][vc_empty_space height=&#8221;0.9rem&#8221; alter_height=&#8221;none&#8221; hide_on_mobile=&#8221;&#8221;][vc_empty_space alter_height=&#8221;large&#8221; hide_on_mobile=&#8221;&#8221;]<div id=\"sc_title_1848247993\"\n\t\tclass=\"sc_title sc_title_default\"><h6 class=\"sc_item_subtitle sc_title_subtitle sc_align_left sc_item_title_style_default\">Contact Info<\/h6><h3 class=\"sc_item_title sc_title_title sc_align_left sc_item_title_style_default\">Get in Touch with Us<\/h3><\/div><!-- \/.sc_title -->[vc_empty_space alter_height=&#8221;medium&#8221; hide_on_mobile=&#8221;&#8221; css=&#8221;.vc_custom_1484297952371{margin-top: 0.4rem !important;}&#8221;][vc_column_text css=&#8221;.vc_custom_1547823178545{border-left-width: 2px !important;padding-left: 3em !important;border-left-color: #c6b477 !important;border-left-style: solid !important;}&#8221;]<span class=\"trx_addons_accentmargin\">Adress:<\/span> 2259 Oak Street, NY 10001<br \/>\n<span class=\"trx_addons_accentmargin\">Phone:<\/span> <a href=\"tel:707-946-7464\">707-946-7464<\/a><br \/>\n<span class=\"trx_addons_accentmargin\">Email:<\/span> <a href=\"mailto:info@yoursite.com\">info@yoursite.com<\/a>[\/vc_column_text][vc_empty_space alter_height=&#8221;medium&#8221; hide_on_mobile=&#8221;&#8221; css=&#8221;.vc_custom_1484297676566{margin-top: 0.6rem !important;}&#8221;]<div class=\"sc_item_button sc_button_wrap\"><a href=\"\/contacts\/#message\" id=\"sc_button_2028094225\" class=\"sc_button sc_button_dark_button sc_button_size_normal sc_button_icon_left\"><span class=\"sc_button_text\"><span class=\"sc_button_title\">send message<\/span><\/span><!-- \/.sc_button_text --><\/a><!-- \/.sc_button --><\/div><!-- \/.sc_item_button -->[\/vc_column_inner][vc_column_inner width=&#8221;1\/3&#8243;][\/vc_column_inner][\/vc_row_inner][\/vc_column][\/vc_row]<\/p>\n","protected":false},"excerpt":{"rendered":"<p>[vc_row][vc_column][vc_empty_space alter_height=&#8221;huge&#8221; hide_on_mobile=&#8221;&#8221; css=&#8221;.vc_custom_1485257484762{margin-bottom: 1.1rem !important;}&#8221;][\/vc_column][vc_column width=&#8221;5\/12&#8243;][vc_empty_space alter_height=&#8221;medium&#8221; hide_on_mobile=&#8221;&#8221;][vc_empty_space alter_height=&#8221;huge&#8221; hide_on_mobile=&#8221;&#8221; css=&#8221;.vc_custom_1485258375185{margin-bottom: 1rem !important;}&#8221;][\/vc_column][vc_column width=&#8221;1\/2&#8243; offset=&#8221;vc_col-sm-offset-1&#8243;][vc_empty_space alter_height=&#8221;medium&#8221; hide_on_mobile=&#8221;&#8221; css=&#8221;.vc_custom_1485257822959{margin-top: -0.6rem !important;}&#8221;][vc_empty_space alter_height=&#8221;huge&#8221; hide_on_mobile=&#8221;&#8221;][\/vc_column][\/vc_row][vc_row full_width=&#8221;stretch_row&#8221; css=&#8221;.vc_custom_1482142466820{background-color: #faf9f5 !important;}&#8221;][vc_column][vc_empty_space alter_height=&#8221;huge&#8221; hide_on_mobile=&#8221;&#8221; css=&#8221;.vc_custom_1485264526210{margin-bottom: 1rem !important;}&#8221;][vc_empty_space alter_height=&#8221;medium&#8221; hide_on_mobile=&#8221;&#8221; css=&#8221;.vc_custom_1485264703383{margin-bottom: 2.4rem !important;}&#8221;][vc_empty_space alter_height=&#8221;medium&#8221; hide_on_mobile=&#8221;&#8221; css=&#8221;.vc_custom_1485267176031{margin-top: -0.6rem !important;}&#8221;][vc_empty_space alter_height=&#8221;huge&#8221; hide_on_mobile=&#8221;&#8221; css=&#8221;.vc_custom_1485267318669{margin-bottom: 1rem !important;}&#8221;][\/vc_column][\/vc_row][vc_row full_width=&#8221;stretch_row&#8221; scheme=&#8221;dark&#8221; css=&#8221;.vc_custom_1485267424598{background-image: url(https:\/\/www.clovisgestionprivee.fr\/wp-content\/uploads\/2016\/12\/bg-2.jpg?id=292) !important;background-position: center !important;background-repeat: no-repeat !important;background-size: cover !important;}&#8221;][vc_column][vc_empty_space alter_height=&#8221;huge&#8221; hide_on_mobile=&#8221;&#8221;&hellip;<\/p>\n","protected":false},"author":1,"featured_media":0,"parent":0,"menu_order":0,"comment_status":"closed","ping_status":"closed","template":"","meta":[],"_links":{"self":[{"href":"https:\/\/www.clovisgestionprivee.fr\/index.php\/wp-json\/wp\/v2\/pages\/32"}],"collection":[{"href":"https:\/\/www.clovisgestionprivee.fr\/index.php\/wp-json\/wp\/v2\/pages"}],"about":[{"href":"https:\/\/www.clovisgestionprivee.fr\/index.php\/wp-json\/wp\/v2\/types\/page"}],"author":[{"embeddable":true,"href":"https:\/\/www.clovisgestionprivee.fr\/index.php\/wp-json\/wp\/v2\/users\/1"}],"replies":[{"embeddable":true,"href":"https:\/\/www.clovisgestionprivee.fr\/index.php\/wp-json\/wp\/v2\/comments?post=32"}],"version-history":[{"count":0,"href":"https:\/\/www.clovisgestionprivee.fr\/index.php\/wp-json\/wp\/v2\/pages\/32\/revisions"}],"wp:attachment":[{"href":"https:\/\/www.clovisgestionprivee.fr\/index.php\/wp-json\/wp\/v2\/media?parent=32"}],"curies":[{"name":"wp","href":"https:\/\/api.w.org\/{rel}","templated":true}]}}